s + -482. Is a prime?
False
Let c be 6*(-4)/32*-4. Let l(g) = 100*g + 4. Let i be l(3). Suppose 4*v - i = -4*m, -11 = -4*v - c. Is m prime?
False
Let w = 4706 + -423. Is w a composite number?
False
Let i = 35 + -34. Suppose -7464 = -4*z - m, -i - 3 = -m. Is z a composite number?
True
Suppose 3*j = -2*j + 60. Let w = -16 + j. Is 34/(2*w/(-12)) a prime number?
False
Suppose -2*w = -274 - 878. Let l = -480 - -484. Suppose 2*g = -l*a + w, 5*a - 238 = g + 475. Is a a prime number?
False
Suppose 2396 = n + 3*z - 102, -2*z - 2483 = -n. Is n a prime number?
False
Is (-9)/24 + 14097/24 a composite number?
False
Let o(q) = 392*q**2 + 54*q + 21. Is o(-6) composite?
True
Suppose -d - 504 = 3*d. Suppose 1352 - 1404 = 13*q. Is q/(8/(-2)) - d a composite number?
False
Let t = 7882 - 4289. Is t a prime number?
True
Suppose 0 = 3*j - 14 - 1. Suppose -22 = 5*i + 3*x, j - 1 = 4*i - 3*x. Is (2 - 5) + 396 + i composite?
True
Let x(t) = t - 4*t + t**2 + 3*t - 55 + 6*t. Is x(-24) a prime number?
False
Let p be -2 - -12 - (6 - 4). Suppose -p*w - 654 = -3302. Is w a composite number?
False
Is (4918/(-6))/(35/(-105)) composite?
False
Let z = 1419 + -790. Suppose 0*c = -c - 2*a + z, 4*c - a - 2516 = 0. Is c a prime number?
False
Suppose -171*z + 173*z = 25210. Is z composite?
True
Suppose 4*q + r - 764 = 9763, 3*q - 7874 = -5*r. Is q a composite number?
False
Is -7 + 0 + 2 + 42016/4 prime?
True
Suppose 3*p - 6029 = -752. Is p prime?
True
Suppose r + 31*n - 35*n = 777, -3851 = -5*r + 3*n. Is r a prime number?
True
Suppose -110 - 318 = -2*h. Suppose -w = -h + 52. Let b = 29 + w. Is b a composite number?
False
Let n(z) = -14*z**2 - 18*z - 46. Let l(s) = -5*s**2 - 6*s - 15. Let m(o) = -7*l(o) + 2*n(o). Is m(6) composite?
True
Let n(i) = i**2 + 18*i - 15. Let t be n(-16). Let d = 102 + t. Is d prime?
False
Let y be 3/(-4 + 1) + -13. Let l be 4/y - 11575/35. Let p = -28 - l. Is p composite?
True
Suppose -8 = -7*n + 3*n. Suppose -6 + 0 = -n*p. Suppose p*y + 65 + 41 = v, 0 = -5*v + y + 460. Is v prime?
False
Let h = 132 - 130. Suppose 4*r + 1214 = 2*u, -h*r = 2*u - 0*r - 1226. Is u a composite number?
True
Let s = 13 + -13. Suppose -2*z - z - 438 = s. Let o = -91 - z. Is o prime?
False
Let b be (72/16)/(2/16). Suppose 0*h + 3*v = -3*h - b, -h + 8 = -4*v. Is (1774/h)/((-1)/4) prime?
True
Let r be (-1)/(-9) - 18850/117. Let p = 310 + r. Is p prime?
True
Let s(b) = 6*b - 8. Let j be s(5). Let l = j - 19. Suppose 2*h + 2*n - 1150 = 0, -l*h - 3*n + 1727 = n. Is h a prime number?
False
Suppose 2*q + 2*q = 0. Suppose 0 = -0*l - l - 4*x + 92, q = -3*l - 2*x + 326. Let g = -74 + l. Is g composite?
True
Let o be (-4)/8*45*-18. Let a = o + -194. Is a a prime number?
True
Let r be 0 - 3 - (-24)/4. Suppose -2*j - r*f = -4*j + 1052, -5*f = -j + 533. Is j prime?
True
Let m(w) = 175*w**2 + 7*w + 5. Let a be (-7 + 125/20)*4/1. Is m(a) composite?
False
Let w(s) be the third derivative of -s**4/8 - 17*s**3/6 + 5*s**2. Let l be w(-7). Suppose -502 - 6 = -l*j. Is j prime?
True
Suppose -10*j = -5370 - 2060. Is j a composite number?
False
Let o(k) be the second derivative of -k**5/10 - k**4/6 - 7*k**3/6 + 11*k**2 - 30*k. Is o(-7) composite?
False
Suppose 3*o - 10362 = 3*t, 8*t = -2*o + 4*t + 6902. Is o composite?
True
Let k be 4/6*-10*(-12)/16. Let i(c) = 149*c. Is i(k) a composite number?
True
Suppose -2*p + 4*c + 983 + 2311 = 0, -p + 4*c + 1657 = 0. Is p composite?
False
Let t = -31 - -44. Let d = -2 + t. Is d a prime number?
True
Suppose 2*h - 2570 = -f + 812, 0 = -h - 2*f + 1685. Is h prime?
True
Suppose 4*y - 8 = 0, y = -g + 329 + 260. Suppose 0*l = l - g. Is l a prime number?
True
Let v(r) = 2*r**3 - 39*r**2 - 71*r - 57. Is v(29) composite?
True
Is 1/(-1) + (-200320)/(-32) prime?
False
Let y(q) = -42*q - 1. Let t(m) = 0 + 14*m + 0 + 7*m. Let x(d) = -11*t(d) - 6*y(d). Is x(3) a composite number?
True
Let h = 8 - 5. Suppose 920 = 3*c - 4*p, 7*p + 1544 = 5*c + h*p. Suppose v = -2*v - 5*r + 342, -3*v + c = -5*r. Is v a prime number?
True
Let z(l) = 2*l**3 - 48*l**2 + 49*l - 5. Is z(26) prime?
False
Suppose 3*p + 5*m = 8*m + 4212, -5 = m. Is p a prime number?
True
Let z(w) = 482*w**2 - 2*w - 4. Let l be z(-3). Suppose -k + 4*c = -1121, -4*k + 192 = -4*c - l. Suppose 3*t - k = -0*t. Is t composite?
False
Suppose 2*g + 89 = 33. Suppose 5*t - 2*k + 70 = 0, 3*t = -t + 4*k - 68. Is 188/14 - t/g composite?
False
Suppose -6 = -y - 3. Suppose 0 = 16*c - 13*c + 5*q - 1445, 4*c - 1908 = -2*q. Suppose -y*x + c = 2*x. Is x prime?
False
Suppose 2*v - 3*s + 0*s - 8251 = 0, 0 = -4*s + 20. Suppose 6*i - 12313 - v = 0. Is i a composite number?
False
Suppose 0 = 16*r - 20*r - 2*m + 3500, -2*r - 5*m + 1734 = 0. Is r a composite number?
False
Suppose 4*d + k = 6588, -d - 2*k + 389 = -1265. Suppose -9*s - d = -5039. Is s composite?
True
Let k = -772 - -1091. Let p = 528 - k. Is p a composite number?
True
Let l(u) = u**2 - 11*u + 8. Let i be l(11). Let m = -12 + i. Is (-18)/m*(-68)/(-6) a prime number?
False
Suppose 4*f = -1446 + 454. Let d = f - -517. Is d a composite number?
False
Let y(k) = 3. Let s(m) be the first derivative of -17*m**2 - 13*m - 5. Let j(q) = 3*s(q) + 12*y(q). Is j(-2) a composite number?
True
Let k(m) = 3*m**3 + 11*m**2 + 6*m + 1. Is k(12) prime?
True
Let m be (-2066)/(-3) - 4/(-12). Suppose 3*c + m = 3*q + 4*c, 0 = -q - 4*c + 248. Suppose -w + q = 3*w. Is w a prime number?
False
Let y be (-2)/(4 + -4 + -1). Suppose 0 = y*w - v - 902, -5*w - 4*v + 2255 = -2*v. Is w a composite number?
True
Suppose 4*p - 16 = -2*x + 6, -p - 3*x = -18. Suppose 12*f - p*f = 9378. Is f prime?
False
Suppose -t = 2*z - 0 - 1, 4*t + 11 = -5*z. Let v = 7 + t. Let n = v - -12. Is n prime?
False
Suppose -5*q + 5 = 25. Let k = 39 + q. Suppose -3*t = -8*t + k. Is t composite?
False
Suppose 1036 = a + 3. Suppose -5*i = -2*v + a, 5*v + 3*i = 3*v + 1009. Is v a composite number?
False
Let r be (0 - 3) + (1 - -4). Suppose -s = r, -3*j + 245 + 870 = 2*s. Is j a prime number?
True
Let z(y) = -33*y + 1. Let h be z(-2). Let p = h - -2. Is p a prime number?
False
Is (-202599)/(-39) + ((-88)/104 - -1) prime?
False
Let v(q) be the second derivative of -q**4/4 - 5*q**3/6 + 9*q**2/2 + 4*q. Let s(l) = -10*l**2 - 15*l + 26. Let w(n) = -6*s(n) + 17*v(n). Is w(4) a prime number?
False
Let r = 2168 - -1493. Is r a prime number?
False
Suppose -90933 - 86640 = -11*a. Is a a composite number?
True
Suppose 41652 = 7*i - 51035. Is i prime?
True
Let o(u) = u**2 + u - 2. Let y be o(-3). Let p(j) = 469*j + 147. Let z(v) = 52*v + 16. Let l(x) = -3*p(x) + 28*z(x). Is l(y) a prime number?
False
Suppose 759 = x - 1456. Is x a composite number?
True
Is 937290/21 - (-9)/63 a prime number?
True
Let w = -157 + 269. Suppose -1368 = -3*i - 3*i. Suppose w + i = 4*r. Is r a prime number?
False
Is 1/(3*1/14103) a composite number?
True
Suppose 4*c - 3244 = -4*w, -3*w = -432*c + 433*c - 815. Is c prime?
True
Is ((-260)/84 - -3)*3*-23401 a prime number?
False
Let b be 4 + (-4 - -2)*-89. Let n = -101 + b. Let c = 5 + n. Is c a prime number?
False
Suppose -4*w - 2*t + 662 = 0, -w - 5*t = -302 + 123. Suppose 291 = -16*s + 13*s. Let x = s + w. Is x composite?
False
Let l = -3 + 7. Suppose 2*y + 1486 = l*h - 716, 5*h + y - 2770 = 0. Is h a prime number?
False
Let u = -245 + 1602. Is u composite?
True
Let h = 18663 - 6190. Is h prime?
True
Let m = 27810 - 15037. Is m a composite number?
True
Suppose -2*c + 128742 = 4*q, 2*q + 5*c - 10*c - 64341 = 0. Is q prime?
True
Suppose -q + 20 = -4*g, -4*q + 2*g + 20 = -2*g. Let z be 206 - ((q - -1) + -2). Suppose 488 + z = 5*s. Is s a prime number?
True
Suppose -2*j + 8 = -20. Let t be (61/(-2))/((-16)/288). Suppose j*q = 11*q + t. Is q composite?
True
Let t be (-14)/(-5) + (1/5 - 0). Suppose 0*v - 1179 = -t*v. Is v a prime number?
False
Let a = -2161 - -4580. Is a prime?
False
Let f(t) = t**2 + 8*t + 3. Let p be f(-8). Let l be (p/9)/(3/1143). Suppose 3*w - l = -34. Is w a prime number?
True
Let b be (-2 + 50/(-4))*536. Let v be 6/(-10) - b/20. Let z = v - -63. Is z a composite number?
True
Suppose 7*k = a + 2*k + 19, 0 = -5*a - 5*k + 25. Suppose -21 = -5*z - a. Suppose z*q - 47 = 221. Is q a prime number?
True
Suppose 0 = 5*y - 8*y + 240. Suppose 3*k + k - y = 0. Is 447/(-2)*k/(-30) prime?
True
Suppose 126 = s - 69. Let w = s +